 divided by r?
23
Let d(w) = 3*w - 15. What is the remainder when 1*15 + (3 - 1) is divided by d(7)?
5
Let q = 92 - 5. Calculate the remainder when q is divided by 23.
18
Suppose -x = 4*x + 5. What is the remainder when (1 - 30)/x - -3 is divided by 17?
15
Let p = 0 + 8. Calculate the remainder when 29 is divided by p.
5
Let h(g) = g**3 - 2*g**2 + 3. Let a be h(4). Let r be -2 + (a - (-2 - -2)). Let o = -22 + r. Calculate the remainder when o is divided by 4.
3
Suppose 3*c = -0*c + 12. Suppose -5*h + 318 = -682. Suppose 0*a - c*a = -h. Calculate the remainder when a is divided by 13.
11
Suppose -4*v + 56 = 2*k, -v - 39 = -3*k + 31. What is the remainder when 94 is divided by k?
22
Let a(h) = -h**2 + 15*h + 12. What is the remainder when 22 is divided by a(15)?
10
Calculate the remainder when 70 - (3 - (-3 - -5)) is divided by 12.
9
Suppose -1 = -s + 13. Calculate the remainder when s is divided by 4.
2
Let h = -51 - -21. What is the remainder when h*-2*1/4 is divided by 9?
6
Let m = -121 + 128. Suppose 104 = -0*u + 4*u. Calculate the remainder when u is divided by m.
5
Suppose 2*b - 3*a - 5 = 0, a - 5*a - 16 = -5*b. What is the remainder when 30 is divided by (20/5)/(2/b)?
6
Let c be ((-7)/3 - -2)*-9. Let b(h) = 8*h + 2. Suppose 0 = 3*d - 22 - 5. What is the remainder when b(c) is divided by d?
8
Let i(o) = -o**2 + 7*o + 1. Calculate the remainder when 63 is divided by i(5).
8
Suppose 4 = -v - v. Let w be v*(-10)/(-8)*-2. Suppose -1 = -w*f + 24. Calculate the remainder when 9 is divided by f.
4
Let r(j) = 11*j**3 - 2*j**2 - j + 2. Let y be r(2). Suppose -5*w = -4*q + y, -3*q = -0*q + 4*w - 29. What is the remainder when q is divided by 8?
7
Let z be 7/(-4) + 1/(-4). Let u(j) = 3*j**2 + 3*j + 2. What is the remainder when 14 is divided by u(z)?
6
Calculate the remainder when 16 is divided by 3/(((-4)/3)/(-4)).
7
Suppose -2*y + 0*y + 20 = 0. What is the remainder when 1/3 + (-424)/(-24) is divided by y?
8
Suppose 68 = 7*n - 5*n. Calculate the remainder when n is divided by 13.
8
Let j(n) be the third derivative of -n**4/12 + n**3/3 - 2*n**2. Suppose -6*s = -8*s + 28. Calculate the remainder when s is divided by j(-3).
6
Suppose q - 7 + 0 = 0. Calculate the remainder when 19 is divided by q.
5
Let a be 4/1 - 8*-1. Let q(b) = -b**3 + 11*b**2 + 14*b + 3. What is the remainder when 52 is divided by q(a)?
25
Suppose -w - 5*l = -0*w - 14, 0 = -l - 2. What is the remainder when w is divided by 3?
0
Let w(k) = k**2 - 5*k - 4. Suppose 0*s - 3*s = -3*o + 12, 1 = s. Let g be w(o). Let h(u) = -u**2 - 7*u - 6. Calculate the remainder when 10 is divided by h(g).
4
Let y(t) = -10*t - 5. Let l be y(4). Let k = l + 63. Calculate the remainder when 53 is divided by k.
17
Let d = -8 - -9. Let i(x) = 14*x**3 - 2*x**2 + 2*x - 1. What is the remainder when 25 is divided by i(d)?
12
Suppose 2*d + 2*t - 22 = -2*t, -5*d + 4*t - 1 = 0. Suppose d*c - 2*c + 2*r = 20, -3*c = -r - 53. What is the remainder when 69 is divided by c?
15
Suppose -x = -w - 29, 4 = -5*w - 16. What is the remainder when x is divided by 13?
12
Calculate the remainder when 56 + (1 - 6)/5 is divided by 21.
13
Suppose 4*s - 3*a = 3*s, 5*a - 11 = -2*s. Suppose s*l = -5*m + 62, l = 5*m - 95 + 29. Suppose 120 = 3*f + 2*f. What is the remainder when f is divided by m?
11
Suppose -4*c + 1 + 3 = 0. Suppose -2*n = -3*p - 0*n + 5, 0 = -4*p + 4*n + 4. What is the remainder when -2 + c - -3 - -2 is divided by p?
1
Suppose 0*x - 116 = -2*x. What is the remainder when x is divided by 15?
13
Suppose -2*l = -4*j - 44, -l - 2*l + 4*j = -56. Suppose l = 2*w - 5*w. Calculate the remainder when (18/w + 1)*-10 is divided by 12.
11
Suppose -3*o + 75 + 36 = 0. Suppose 4*d = -5*y + 80, -2*d + 37 = 4*y - 33. What is the remainder when o is divided by y?
17
Let y(q) = q**3 + 7*q**2 + 6*q - 2. Let m be y(-6). Let a = 0 - m. Let s(f) = -2*f - 1. Calculate the remainder when s(-4) is divided by a.
1
Let d(u) = -u**3 - 5*u**2 - 5*u - 8. What is the remainder when d(-5) is divided by 13?
4
Suppose 2*g = 3*h - 86, 1 + 9 = 5*g. Suppose -i + h = -6*i. Let z(r) = r**3 + 7*r**2 + 4*r - 3. Calculate the remainder when 16 is divided by z(i).
7
Suppose 0 = -i + 4, -2*p + 74 = -i - 0*i. What is the remainder when p is divided by 8?
7
Suppose 2*q + 118 = 5*u + q, 2*q = 4*u - 98. Calculate the remainder when u is divided by 8.
7
What is the remainder when -3*1 + 372/12 is divided by 6?
4
Suppose 2*s + b + 4 = 0, 3*b - 6 = -2*s + 7*b. Let q(l) = 75*l + 1. Let n be q(s). Let i = n + 119. Calculate the remainder when i is divided by 12.
9
Suppose -4*s + 63 = -137. What is the remainder when s is divided by 18?
14
Let c = -49 + 35. Calculate the remainder when 50 is divided by c/3*-3 - 1.
11
Let v = 13 - -15. Let u(l) = -4 + 2*l - 6*l - 5*l + 5. Calculate the remainder when v is divided by u(-1).
8
Let r be 1*(6 + 0/3). Let s = 10 - r. Let m(p) = p**2 - 10*p + 11. What is the remainder when s is divided by m(9)?
0
Let s = 5 - -14. Suppose -5*r + 41 = -s. What is the remainder when 22 is divided by r?
10
Let a = -15 + 25. Suppose 4*z + 4*z = 232. What is the remainder when z is divided by a?
9
Suppose -5*r = 2*s - 2*r - 24, 2*s - r - 32 = 0. What is the remainder when 57 is divided by s?
12
Suppose -5*m + 4 + 11 = 0. Let i be (-1)/(-2) + (-3)/(-2). What is the remainder when (i + 0 - 10)/(-2) is divided by m?
1
Suppose -y - 2*c + 31 = 0, c - 87 = -3*y - 3*c. Suppose -2*i + 27 = 1. Calculate the remainder when y is divided by i.
12
Suppose -4*j + 3*q = -53, -2*j - q - 1 = -20. Let z = -4 + j. Let p = 24 + -12. What is the remainder when p is divided by z?
5
What is the remainder when 24/(-16) + 375/6 is divided by 16?
13
Let r = 58 + -49. What is the remainder when 17 is divided by r?
8
Suppose 5*b + 0*b - 50 = 0. Calculate the remainder when 37 is divided by b.
7
Suppose -3*c = -4*r + 151, -93 = -2*r + 3*c + 2*c. Suppose r + 50 = 4*v. Calculate the remainder when 40 is divided by v.
19
Let i(m) = m + 1. Let d be i(-1). Suppose 3*n - 2*r - 7 - 36 = 0, 2*r + 4 = d. Suppose -n = -o - 0*o. What is the remainder when 37 is divided by o?
11
Let j be (-67)/(-2) + 5/10. Let i = 51 - j. What is the remainder when i is divided by 9?
8
Let i(m) = m + 3. Let g = -8 - -11. Calculate the remainder when i(3) is divided by g.
0
Suppose 3*v - 52 = 4*z, -3*z + 73 = 4*v - 13. Calculate the remainder when 37 is divided by v.
17
Suppose 3*d - 2*j = 2, -3*d + 5 = -d - 5*j. Suppose 0 = 2*v + 2*v - 36. What is the remainder when 2 + d + 20 + 4 is divided by v?
8
Suppose 2*j = 7*j + 2*s + 28, -5*j + 4*s - 4 = 0. Let b be (8*-2 + -1)*-1. Let l = b - j. Calculate the remainder when l is divided by 11.
10
Suppose -7*j + 15 = -2*j + 3*b, 3*j + b - 13 = 0. Let z(h) = 2*h**2 + 2*h - 1. Calculate the remainder when z(2) is divided by j.
5
Let w be (-2)/8 + 338/8. Suppose -r = 2*r - w. What is the remainder when r is divided by 8?
6
Let l be 5/(-7) + 2/(-7). Let i(s) = 2*s - 1 - 7*s + 3*s. Calculate the remainder when 1 is divided by i(l).
0
Let o(c) = 2*c + 1. Let h be o(2). Suppose -h*l = -3*l - 4*v - 36, -4*v = -l + 16. Suppose z + 5 = l. Calculate the remainder when 57 is divided by z.
12
What is the remainder when 32 is divided by 2847/169 - 1/((-13)/2)?
15
Let f(m) = -m**2 + 5*m - 1. Let s be f(3). Let a(q) = -q + 1. Let o be a(s). Calculate the remainder when 41 is divided by o/22 - (-156)/11.
13
Let v(q) = -2*q + 56. What is the remainder when 130 is divided by v(-5)?
64
Let a(n) = n**2 - 2*n - 5. What is the remainder when 3 is divided by a(4)?
0
Let l = -22 + 35. Calculate the remainder when 18 is divided by l.
5
Let k(c) = 6*c - 5. Calculate the remainder when ((-3)/1)/((-1)/12) is divided by k(4).
17
Suppose -4*t = t - 20. Suppose -t*c = -5*c - 11. Let p = -7 - c. What is the remainder when p is divided by 2?
0
Suppose 0 = -6*l + 2*l + 108. Let h(a) = a**3 + 6*a**2 + 4*a - 2. Calculate the remainder when l is divided by h(-4).
13
Suppose 2*t + 50 = 2*p, 2*p - 7*p - t + 137 = 0. What is the remainder when p is divided by 7 - -1*1/(-3)*-9?
7
Let t(g) = -g**2 + 3*g + 4. Let v(a) = -a + 3. Let x be v(0). Suppose 3*l - 5*q - 58 = 0, 3*l = -q + x + 25. What is the remainder when l is divided by t(3)?
3
Suppose 23 = 3*j + 5*m, -2*j + 3*j - 3*m - 3 = 0. Calculate the re